et i(y) = y**3 - 11*y**2 + 12*y - 15. Let u be i(10). Let a be (2/(-7 - 24/(-3)))/((-6)/(-3)). Calculate the highest common divisor of u and a.
1
Suppose 35*o + 47200 = 251*o + 20*o. Calculate the highest common factor of 21250 and o.
50
Let v(s) = -22*s + 236. Suppose 0 = 360*l - 354*l - 60. Let p be v(l). Calculate the greatest common divisor of p and 144.
16
Suppose 294*j + 16 = 295*j. What is the highest common factor of 38 and j?
2
Suppose 13*z + 9130 = 1902. Let b = -64 - z. Suppose 0 = -2*s + a + 237, -a + b = 4*s + 3*a. Calculate the highest common divisor of s and 15.
15
Let v(y) = 2*y**2 - 43*y + 66. Let k be v(20). Let m(b) = -2*b**3 + 13*b**2 + 2*b. Let d be m(k). Calculate the greatest common divisor of 304 and d.
16
Suppose -2*o + 120 + 40 = 4. Calculate the greatest common divisor of 48 and o.
6
Let d = 98 + -273. Let w be 3454/10 + 70/d. What is the highest common divisor of w and 30?
15
Let a(n) = 2*n + 10. Let b be a(7). Let s = -25 + 28. Let j(t) = 26*t**2 + 4*t - 6. Let p be j(s). What is the highest common factor of p and b?
24
Let l = 30 - -20. Let n = l + -44. Let z = 38 + 4. Calculate the highest common factor of n and z.
6
Suppose -3*p + 10*p = -392. Let l be p/(-10) + -5*4/(-50). What is the greatest common factor of 54 and l?
6
Let v = 9662 - 9457. Calculate the greatest common factor of v and 1.
1
Let v be 28/(-56)*-20980 + -1*9. Calculate the highest common divisor of v and 94.
47
Suppose r = 4*s + 112, -2*r + 0*r - s = -188. Suppose -n = -2, 7*v = 3*v + 2*n - 64. Let h be (-2)/((40/v)/8). Calculate the highest common divisor of h and r.
6
Suppose 1136 = -15*i + 11561. What is the greatest common divisor of 20 and i?
5
Let s = 27557 - 26909. Calculate the greatest common divisor of 3456 and s.
216
Let i be 422 + (-25)/(-10)*-2. Suppose 87 + i = 4*r. What is the greatest common divisor of r and 54?
18
Suppose -q + 2*q = 52. Let d(c) = -c**2 + 7*c - 8. Let r be d(4). What is the highest common factor of r and q?
4
Let l be -7*((-42)/(-3) + -5). Let d = 135 + l. What is the greatest common divisor of d and 96?
24
Let v be 2949/5 + -6 + 31/5. Suppose -6*w - v = -w. Let t = w - -123. Calculate the highest common divisor of t and 35.
5
Suppose 0*i - 8*i - 8 = 0. Let p be (i/(-5) - 1323/(-135)) + 1. Suppose 6*n = -3*w + n + 279, -3*w + 249 = -5*n. What is the greatest common factor of w and p?
11
Let x(w) = -w**2 - 14*w - 30. Let c be x(-11). Suppose c*m = -m + 2432. Suppose 4*d - 112 - m = 0. Calculate the greatest common factor of 20 and d.
20
Let l(p) = 2*p**3 - 5*p**2 - 3*p + 3. Let g be l(3). Let f be g + -4 - -7 - (-6 - 22). What is the highest common divisor of f and 255?
17
Let k = 15144 - 10734. Calculate the greatest common factor of k and 54.
18
Suppose -7*c + 2*c = i - 565, 2*i - 10 = 0. Suppose x = -s + 25 + 3, -2*s = -x + 34. Let u = -14 + x. Calculate the highest common factor of c and u.
16
Let r = 85 + -82. Suppose r*q + 12 = 0, -6*j + q = -j - 44. Let h(x) = x**3 - 8*x**2 + 2*x - 11. Let o be h(j). What is the greatest common factor of 15 and o?
5
Suppose 83409 = 25*t - 49241. Calculate the highest common divisor of t and 28.
14
Suppose 0 = -5*t - 2*y + 2186, -11*t - 2*y = -12*t + 454. What is the highest common divisor of t and 2728?
88
Suppose -y = -4 + 12. Let z be ((-117)/(-12) - 2/y) + -4. What is the highest common divisor of 3 and z?
3
Suppose -12*y = -5*w - 4*y + 4085, w - 2*y = 815. What is the highest common divisor of 75 and w?
75
Let b be ((-24)/(-36))/(2/36). Let j(x) = -3*x + b*x + 8 + x**2 - x - 5*x. Let d be j(5). What is the highest common divisor of d and 12?
12
Suppose -30 = -5*i - 0*i. Let k(g) = -80*g - 1172. Let z be k(-15). What is the highest common factor of i and z?
2
Suppose -4*o - r = -10514, 96*r = 92*r - 24. What is the highest common factor of 10 and o?
10
Let a = 0 + -15. Let v(r) = -6*r - 33. Let y be v(a). Suppose -3*b + 3*o = 12 - y, 5*b - o = 83. What is the greatest common factor of b and 119?
17
Let d(y) = 12*y**2 + 17*y - 27. Let b be d(-6). Suppose 6*s - b = 57. Calculate the greatest common factor of 100 and s.
20
Let f be 6/(-4 + -2) + 33. Let c(j) = -j + 45*j**2 + 31 - 4*j**2 - f. Let t be c(2). Calculate the highest common divisor of t and 23.
23
Suppose 3*k + 173*w - 397 = 172*w, -3*w = -3. Suppose 51 = c - f, -4 - 2 = 2*f. Calculate the greatest common factor of k and c.
12
Let j be 1*447 - 119/(-119). Calculate the highest common factor of 84 and j.
28
Let l be 4/(-92) + (-209553)/(-1587). What is the highest common divisor of l and 11968?
44
Let b = -14020 - -15404. Calculate the greatest common divisor of 112 and b.
8
Let w = 11189 + -10877. What is the highest common divisor of 88 and w?
8
Let x be 11 + -17 + 6 - 159/(-3). What is the greatest common divisor of x and 1537?
53
Suppose -4*t + 143 = 7*t. Let b = t + -10. What is the highest common factor of 3 and b?
3
Let c(k) = 5*k + 12. Let v be c(-10). Let w = v - -188. What is the highest common factor of w and 20?
10
Let p be (-2)/(-2) - -15 - -1. Let r = 204 - 273. Let w = -35 - r. Calculate the greatest common divisor of w and p.
17
Let f = -209 + 333. Let g be (-240)/280 - (-136)/28. What is the greatest common divisor of f and g?
4
Let b(w) = -44*w + 270. Let t be b(6). What is the greatest common factor of t and 10?
2
Suppose 365 - 113 = 4*p. Suppose 5*r - 8 = 12. Suppose -3*t + 13 = m, -r*m - 5*t = -m - 31. Calculate the greatest common factor of p and m.
7
Suppose 372*m - 24057 = 75*m. Suppose 0 = 2*k - 72 - 0. What is the greatest common divisor of k and m?
9
Let r(a) = 35*a - 18. Suppose 0 = z - d - 0 - 5, d + 13 = 5*z. Let m be r(z). What is the highest common divisor of 832 and m?
52
Let o(b) = b**2 + 5*b - 6. Suppose -5*q + 0*q = 85. Let k(u) = -u**2 - 18*u - 25. Let z be k(q). Let d be o(z). What is the highest common divisor of d and 45?
9
Let r(c) = -c**3 + 2*c**2 - 2*c + 20. Suppose 0 = 9*i + 50 + 22. Let k = i + 8. Let g be r(k). What is the highest common factor of 220 and g?
20
Let j = 18 - 35. Let o be 12132/84 - (-2 + j/(-7)). What is the highest common factor of o and 32?
16
Let b(t) = 238*t - 34. Let o be b(12). What is the greatest common factor of 34 and o?
34
Let w be 21*(-5 - (162/(-14) + -8)). Let q be 2 + (3 - (2 + -153)). Suppose -3*z + 82 = 4*p, 5*z - 4*p = z + q. What is the greatest common divisor of w and z?
34
Suppose 2*m + 10 = 5*g, 5*g - 2 - 3 = 3*m. Suppose -h + 0*h = 4*j - 42, g*h = -j + 18. What is the highest common divisor of 10 and j?
10
Let p be -1*3*(21*1)/(19/(-247)). What is the highest common factor of 1287 and p?
117
Let p(c) = 2*c**3 - 3*c + 3. Let b be p(1). Let d be (15 - -190)*b*27/30. Calculate the greatest common divisor of d and 41.
41
Let l be (-3)/15 - 20/25 - -84. Suppose -5*y + l + 367 = 0. Let n be (40/(-12))/((-1)/6). What is the greatest common divisor of n and y?
10
Let g = 8973 - 8765. What is the greatest common divisor of g and 1742?
26
Let z(w) = w - 6. Let o be z(6). Suppose -270 = -o*b - 3*b. Let q(l) = 262*l + 14470. Let u be q(-55). What is the highest common factor of u and b?
30
Let d = 267 - 267. Let k be (-3 - d)*9/9 - -89. Calculate the greatest common divisor of 602 and k.
86
Suppose -7*c + 29 = 9*c - 67. What is the greatest common divisor of 20886 and c?
6
Let s = 14 - -30. Let n = s + -2. Let p be ((-8)/(-6))/(4/n). What is the highest common divisor of 14 and p?
14
Let c = 537 - 348. Suppose s - p = 13 - 8, -4*p + 1 = -s. Calculate the greatest common divisor of c and s.
7
Suppose -487*m + 420*m = -12060. Calculate the highest common divisor of 220 and m.
20
Let h = -323 + 382. Suppose 7*o - 3*k - 65 = 3*o, k + h = 4*o. Calculate the highest common divisor of o and 35.
7
Suppose 2*r + 4 = 4*g, 3*r - 2 = 3*g + 4*r. Suppose 2*p - 5*l = 52, 0 = -g*l - 5*l + 20. Calculate the greatest common factor of p and 90.
18
Suppose 14*x + 5021 - 62813 = 0. What is the highest common factor of 768 and x?
96
Suppose 0 = 16*b - 15*b - i - 721, -10*i = -5*b + 3595. Calculate the greatest common factor of 21449 and b.
241
Suppose 8*p = 49392 + 13632. Suppose 59*y = p + 7167. Calculate the highest common factor of y and 204.
51
Let n(s) = -s**2 + 3*s + 10. Let l be n(-4). Let a = l + 19. Let h be 162/12 + a/2. What is the highest common 